{"id":3,"date":"2022-09-26T15:53:12","date_gmt":"2022-09-26T12:53:12","guid":{"rendered":"https:\/\/www.aksgrup.com.tr\/?page_id=3"},"modified":"2022-10-06T17:14:50","modified_gmt":"2022-10-06T14:14:50","slug":"gizlilik-politikasi","status":"publish","type":"page","link":"https:\/\/www.aksgrup.com.tr\/index.php\/gizlilik-politikasi\/","title":{"rendered":"Ayd\u0131nlatma Metni"},"content":{"rendered":"\n<hr class=\"wp-block-separator has-alpha-channel-opacity\"\/>\n\n\n\n<p class=\"has-text-align-center\"><strong>AKS GRUP ELEKTR\u0130K ENERJ\u0130 TOPTAN ALI\u015e VE SATI\u015e LTD. \u015eT\u0130.<\/strong> <\/p>\n\n\n\n<p class=\"has-text-align-center\"><strong>6698 SAYILI K\u0130\u015e\u0130SEL VER\u0130LER\u0130N KORUNMASI KANUNU KAPSAMINDA<\/strong><\/p>\n\n\n\n<p class=\"has-text-align-center\"><strong>AYDINLATMA METN\u0130<\/strong><\/p>\n\n\n\n<p>AKS GRUP ELEKTR\u0130K ENERJ\u0130 TOPTAN ALI\u015e VE SATI\u015e LTD. \u015eT\u0130. (\u201c<strong>\u015e\u0130RKET<\/strong>\u201d) veri sorumlusu olarak, 6698 Say\u0131l\u0131 Ki\u015fisel Verilerin Korunmas\u0131 Kanunu (\u2018\u2019<strong>KANUN\u201d veya \u201cKVKK<\/strong>\u2019\u2019) 10. Maddesi uyar\u0131nca, i\u015fbu ayd\u0131nlatma metni ile ki\u015fisel verilerin toplanma y\u00f6ntemi, i\u015fleme ama\u00e7lar\u0131, \u00fc\u00e7\u00fcnc\u00fc ki\u015filere aktar\u0131lma halleri ve ilgili ki\u015finin haklar\u0131 konusunda bilgilendirme yapmaktad\u0131r. Ki\u015fisel verilerin korunmas\u0131, \u015eirketimizin en \u00f6nemli \u00f6ncelikleri aras\u0131ndad\u0131r. Ki\u015fisel verilerinizi;<\/p>\n\n\n\n<ul class=\"wp-block-list\"><li>Hukuka ve d\u00fcr\u00fcstl\u00fck kurallar\u0131na uygun olma,<\/li><li>Do\u011fru ve gerekti\u011finde g\u00fcncel olma,<\/li><li>Belirli, a\u00e7\u0131k ve me\u015fru ama\u00e7lar i\u00e7in i\u015fleme,<\/li><li>\u0130\u015fleme ama\u00e7lar\u0131yla ba\u011flant\u0131l\u0131, s\u0131n\u0131rl\u0131 ve \u00f6l\u00e7\u00fcl\u00fc olma,<\/li><li>\u0130lgili mevzuatta \u00f6ng\u00f6r\u00fclen veya i\u015fleme ama\u00e7lar\u0131 i\u00e7in gerekli ve yasal olan s\u00fcreler kadar g\u00fcvenli bir \u015fekilde muhafaza etme ilkeleri \u00e7er\u00e7evesinde i\u015fledi\u011fimizi bildiririz.<\/li><\/ul>\n\n\n\n<p>\u015eirketimiz taraf\u0131ndan ki\u015fisel verilerinizin g\u00fcvenli\u011fi konusunda azami hassasiyet g\u00f6sterilmekte ve ki\u015fisel verilerinizin korunmas\u0131 amac\u0131yla gerekli teknik, idari ve hukuki b\u00fct\u00fcn tedbirler al\u0131nmaktad\u0131r.<\/p>\n\n\n\n<p><strong>Ki\u015fisel Verileri \u0130\u015fleme Ama\u00e7lar\u0131<\/strong><\/p>\n\n\n\n<p>Ki\u015fisel verileriniz Elektrik Piyasas\u0131 Kanunu, Elektrik Piyasas\u0131 T\u00fcketici Hizmetleri Y\u00f6netmeli\u011fi, 6502 say\u0131l\u0131 T\u00fcketicinin Korunmas\u0131 Hakk\u0131nda Kanun, Vergi Usul Kanunu, T\u00fcrk Ticaret Kanunu, T\u00fcrk Bor\u00e7lar Kanunu ve sair yasal mevzuatlar kapsam\u0131nda i\u015flenmektedir. Ayr\u0131ca yasal mevzuatlar, s\u00f6zle\u015fmeler, veri sorumlusunun me\u015fru menfaatleri ve KVKK\u2019da yer verilen ki\u015fisel verilerin i\u015flenme \u015fartlar\u0131 kapsam\u0131nda, M\u00fc\u015fterilerimizin hizmet al\u0131m\u0131 ile ilgili y\u00fcr\u00fct\u00fclen her t\u00fcrl\u00fc s\u00fcrecin y\u00f6netimi\/takibi amac\u0131yla \u00f6zellikle;<\/p>\n\n\n\n<ul class=\"wp-block-list\"><li>\u015eirketimizin i\u015f ve stratejilerinin belirlenmesi ve uygulanmas\u0131<\/li><li>S\u00f6zle\u015fme s\u00fcre\u00e7lerinin y\u00fcr\u00fct\u00fclmesi<\/li><li>Fatura d\u00fczenlenebilmesi, m\u00fc\u015fteriye iletilebilmesi ve tahsilat s\u00fcre\u00e7lerinin y\u00f6netilmesi<\/li><li>Elektrik Piyasas\u0131 mevzuat\u0131nda d\u00fczenlenen y\u00fck\u00fcml\u00fcl\u00fcklerin yerine getirilebilmesi<\/li><li>S\u00f6zle\u015fmenin sona ermesi halinde fesih ve gerekli i\u015flemlerin yap\u0131labilmesi<\/li><li>T\u00fcm talep, \u00f6neri, itiraz ve \u015fik\u00e2yetlerin takip ve y\u00f6netimi<\/li><li>Hizmet kalitesinin art\u0131r\u0131lmas\u0131na y\u00f6nelik m\u00fc\u015fteri memnuniyeti ara\u015ft\u0131rmalar\u0131n\u0131n yap\u0131labilmesi<\/li><li>\u00dcr\u00fcn hizmet tan\u0131t\u0131m\u0131, bilgilendirme, reklam, kampanya, tarife ve di\u011fer faydalar\u0131n sunulmas\u0131<\/li><li>\u0130\u015f s\u00fcre\u00e7lerinin iyile\u015ftirilmesine y\u00f6nelik \u00f6nerilerin al\u0131nmas\u0131 ve de\u011ferlendirilmesi<\/li><li>\u0130leti\u015fim faaliyetlerinin y\u00fcr\u00fct\u00fclmesi, \u00fcyelik\/abonelik \u00f6ncesi sorular\u0131n ve \u015fik\u00e2yetlerin yan\u0131tlanabilmesi<\/li><li>Bilgi g\u00fcvenli\u011fi s\u00fcre\u00e7lerinin y\u00fcr\u00fct\u00fclmesi, 5651 say\u0131l\u0131 kanun gere\u011fince log kay\u0131tlar\u0131n\u0131n tutulmas\u0131 ve internet al\u0131\u015fkanl\u0131klar\u0131n\u0131n \u00e7erezler arac\u0131l\u0131\u011f\u0131 ile takip edilebilmesi<\/li><li>Finans ve muhasebe i\u015flerinin y\u00fcr\u00fct\u00fclmesi,<\/li><li>Hukuki s\u00fcre\u00e7lerin takibi, adli makamlardan gelen yaz\u0131lar\u0131n cevaplanmas\u0131<\/li><li>Yetkili ki\u015fi, kurum ve kurulu\u015flara bilgi verilmesi<\/li><li>Fiziksel mek\u00e2n g\u00fcvenli\u011finin temini,<\/li><li>Operasyon, d\u00fczenli raporlamalar, istatistik faaliyetlerinin y\u00fcr\u00fct\u00fclmesi amac\u0131yla y\u00fcr\u00fcrl\u00fckteki kanunlara uygun \u015fekilde s\u00f6zle\u015fmemizin devam etti\u011fi s\u00fcre boyunca ve s\u00f6zle\u015fmemiz sona erdikten sonra ilgili yasal mevzuat\u0131n \u00f6ng\u00f6rd\u00fc\u011f\u00fc s\u00fcre kadar i\u015flenmektedir.<\/li><\/ul>\n\n\n\n<p><strong>\u0130\u015flenen Ki\u015fisel Verilerin Kimlere ve Hangi Ama\u00e7la Aktar\u0131ld\u0131\u011f\u0131<\/strong><\/p>\n\n\n\n<p>\u015eirketimizin yasalar kar\u015f\u0131s\u0131ndaki y\u00fck\u00fcml\u00fcl\u00fcklerini ifa edebilmek amac\u0131yla ve mevzuatlardan veya s\u00f6zle\u015fmeden kaynakl\u0131 y\u00fck\u00fcml\u00fcl\u00fcklerin yerine getirilmesine y\u00f6nelik olarak; Elektrik Piyasas\u0131 T\u00fcketici Hizmetleri Y\u00f6netmeli\u011fi, Ki\u015fisel Verilerin Korunmas\u0131 Kanunu, Kimlik Bildirme Kanunu, Vergi Usul Kanunu ve bunlarla s\u0131n\u0131rl\u0131 olmamak \u00fczere di\u011fer mevzuat h\u00fck\u00fcmleri izin verdi\u011fi ve gerektirdi\u011fi \u00f6l\u00e7\u00fcde ilgili kurum veya kurulu\u015flar ile Ki\u015fisel Verileri Koruma Kurumu, Enerji Piyasas\u0131 D\u00fczenleme Kurumu, Enerji ve Tabi Kaynaklar Bakanl\u0131\u011f\u0131, Vergi Daireleri, Sosyal G\u00fcvenlik Kurumu, PTT, bankalar, tahsilat hizmeti al\u0131nan firmalar, Emniyet Genel M\u00fcd\u00fcrl\u00fc\u011f\u00fc ve sair kolluk kuvvetleri, Mahkemeler, \u0130cra Daireleri, EP\u0130A\u015e, TE\u0130A\u015e, E\u00dcA\u015e, elektrik kesme i\u015flemi i\u00e7in m\u00fc\u015fterimizin bulundu\u011fu b\u00f6lgedeki da\u011f\u0131t\u0131m \u015firketine, talep halinde mevzuat \u00e7er\u00e7evesinde belediyeler, adli merciler vb kamu kurumlar\u0131na aktar\u0131lmaktad\u0131r.<\/p>\n\n\n\n<p>Yine mevzuat\u0131n gerektirmesi ve hukuki y\u00fck\u00fcml\u00fcl\u00fc\u011f\u00fcn yerine getirilmesi i\u00e7in ilgili ki\u015fi ve kurumlara, grup \u015firketlerimize, hukuki zorunluluklar nedeniyle ve yasal s\u0131n\u0131rlamalar \u00e7er\u00e7evesinde ba\u011f\u0131ms\u0131z denetim \u015firketlerine, vergi dan\u0131\u015fmanlar\u0131na ve di\u011fer harici profesyonel dan\u0131\u015fmanlara, avukatlara, mali m\u00fc\u015favirlere, \u015firketimiz i\u00e7erisinde \u015firket ad\u0131na \u00e7al\u0131\u015fan ve hareket eden \u00e7al\u0131\u015fanlara, kargo g\u00f6nderim \u015firketlerine ve di\u011fer hizmet al\u0131nan \u00fc\u00e7\u00fcnc\u00fc ki\u015filere ve benzeri \u00f6zel kurumlara yasal mevzuatlar kapsam\u0131nda aktar\u0131labilecektir.<\/p>\n\n\n\n<p><strong>Ki\u015fisel Veri Toplaman\u0131n Y\u00f6ntemi Ve Hukuki Sebebi<\/strong><\/p>\n\n\n\n<p>Ki\u015fisel verileriniz s\u00f6zl\u00fc, yaz\u0131l\u0131 ve elektronik ortamlarda otomatik veya otomatik olmayan y\u00f6ntemlerle toplanmakta ve saklanmaktad\u0131r. Ki\u015fisel verileriniz \u00f6zellikle; hizmetimizden faydalanmak \u00fczere ba\u015fvurunuz s\u0131ras\u0131nda bizimle bilgilerinizi payla\u015fman\u0131z arac\u0131l\u0131\u011f\u0131yla s\u00f6zl\u00fc ve\/veya yaz\u0131l\u0131 olarak, internet sitemizde doldurdu\u011funuz ba\u015fvuru da dahil her t\u00fcrl\u00fc form arac\u0131l\u0131\u011f\u0131yla yaz\u0131l\u0131 ve\/veya elektronik olarak, internet sitesi \u00e7erezleri, \u015firket numaralar\u0131n\u0131n aranmas\u0131, sosyal medya, SMS kanallar\u0131, ve sair s\u00f6zl\u00fc, yaz\u0131l\u0131 veya elektronik ortamda yine EP\u0130A\u015e, EPDK ve ilgili di\u011fer Kurumlar\u0131n kullan\u0131ma sundu\u011fu sistemler arac\u0131l\u0131\u011f\u0131yla s\u00f6zl\u00fc, yaz\u0131l\u0131 veya elektronik olarak ayr\u0131ca taraf\u0131m\u0131za iletilen hukuki belge ve tebligatlar arac\u0131l\u0131\u011f\u0131yla ve \u015eirketimizin sizlerle ileti\u015fime ge\u00e7ti\u011fi veya ileride ileti\u015fime ge\u00e7ebilece\u011fi sair kanallar vas\u0131tas\u0131yla toplanmaktad\u0131r.<\/p>\n\n\n\n<p>Ki\u015fisel verileriniz; Kanunun 5. Maddesinde yer alan a\u00e7\u0131k r\u0131zan\u0131za istinaden veya Kanunlarda a\u00e7\u0131k\u00e7a \u00f6ng\u00f6r\u00fclmesi, s\u00f6zle\u015fmenin kurulmas\u0131 veya ifas\u0131 i\u00e7in gerekli olmas\u0131, hukuki y\u00fck\u00fcml\u00fcl\u00fc\u011f\u00fcn yerine getirilebilmesi i\u00e7in zorunlu olmas\u0131 veyahut me\u015fru menfaatin gerektirmesi sebebiyle i\u015fbu Ayd\u0131nlatma Metni ile belirtilen ama\u00e7lar ve kapsam d\u0131\u015f\u0131nda kullan\u0131lmamak kayd\u0131yla gerekli t\u00fcm bilgi g\u00fcvenli\u011fi tedbirleri de al\u0131narak i\u015flenebilecek; yasal saklama s\u00fcresince veya i\u015fleme amac\u0131n\u0131n gerekli k\u0131ld\u0131\u011f\u0131 s\u00fcre boyunca saklanacak ve i\u015fleme amac\u0131n\u0131n gerekli k\u0131ld\u0131\u011f\u0131 s\u00fcrenin sonunda anonimle\u015ftirilerek \u015eirketimiz taraf\u0131ndan kullan\u0131lmaya devam edilecek yahut Kanun ve ilgili mevzuata uygun olarak \u015eirket Prosed\u00fcrleri gere\u011fi imha edilecektir<\/p>\n\n\n\n<p><strong>6698 Say\u0131l\u0131 Ki\u015fisel Verilerin Korunmas\u0131 Kanunu Uyar\u0131nca Haklar\u0131n\u0131z<\/strong><\/p>\n\n\n\n<p>Kanun\u2019un 11. Maddesi uyar\u0131nca;<\/p>\n\n\n\n<ul class=\"wp-block-list\"><li>Ki\u015fisel veri i\u015flenip i\u015flenmedi\u011fini \u00f6\u011frenme,<\/li><li>Ki\u015fisel verileri i\u015flenmi\u015fse buna ili\u015fkin bilgi talep etme,<\/li><li>Ki\u015fisel verilerin i\u015flenme amac\u0131n\u0131 ve bunlar\u0131n amac\u0131na uygun kullan\u0131l\u0131p kullan\u0131lmad\u0131\u011f\u0131n\u0131 \u00f6\u011frenme,<\/li><li>Yurt i\u00e7inde veya yurt d\u0131\u015f\u0131nda ki\u015fisel verilerin aktar\u0131ld\u0131\u011f\u0131 \u00fc\u00e7\u00fcnc\u00fc ki\u015fileri bilme,<\/li><li>Ki\u015fisel verilerin eksik veya yanl\u0131\u015f i\u015flenmi\u015f olmas\u0131 h\u00e2linde bunlar\u0131n d\u00fczeltilmesini isteme ve bu kapsamda yap\u0131lan i\u015flemin ki\u015fisel verilerin aktar\u0131ld\u0131\u011f\u0131 \u00fc\u00e7\u00fcnc\u00fc ki\u015filere bildirilmesini isteme,<\/li><li>6698 say\u0131l\u0131 KVKK ve ilgili di\u011fer kanun h\u00fck\u00fcmlerine uygun olarak i\u015flenmi\u015f olmas\u0131na ra\u011fmen, i\u015flenmesini gerektiren sebeplerin ortadan kalkmas\u0131 halinde ki\u015fisel verilerin silinmesini veya yok edilmesini isteme ve bu kapsamda yap\u0131lan i\u015flemin ki\u015fisel verilerin aktar\u0131ld\u0131\u011f\u0131 \u00fc\u00e7\u00fcnc\u00fc ki\u015filere bildirilmesini isteme,<\/li><li>\u0130\u015flenen verilerin m\u00fcnhas\u0131ran otomatik sistemler vas\u0131tas\u0131yla analiz edilmesi suretiyle ki\u015finin kendisi aleyhine bir sonucun ortaya \u00e7\u0131kmas\u0131na itiraz etme,<\/li><li>Ki\u015fisel verilerin kanuna ayk\u0131r\u0131 olarak i\u015flenmesi sebebiyle zarara u\u011framas\u0131 halinde zarar\u0131n giderilmesini talep etme haklar\u0131na sahipsiniz.<\/li><\/ul>\n\n\n\n<p><strong>Veri Sorumlusuna Ba\u015fvuru Y\u00f6ntemi<\/strong><\/p>\n\n\n\n<p>Yukar\u0131da say\u0131lan haklar\u0131n\u0131za ili\u015fkin taleplerinizi, \u201c<a href=\"..\/index.html\">https:\/\/www.aksgrup.com.tr\/<\/a>\u201d adresinde \u00f6rne\u011fi bulunan ba\u015fvuru formunu doldurarak a\u015fa\u011f\u0131da tan\u0131mlanan y\u00f6ntemlerden birini kullanarak iletebilirsiniz. \u015eirketimizle payla\u015ft\u0131\u011f\u0131n\u0131z bilgilerin\/verilerin do\u011fru olmas\u0131 ve \u015eirketimize do\u011fru olarak aktar\u0131lm\u0131\u015f olmas\u0131 \u00f6nemli olup bu durum haklar\u0131n\u0131z\u0131 kullanabilmeniz a\u00e7\u0131s\u0131ndan \u00f6nem arz etmektedir. Ki\u015fisel verilerinizde bir de\u011fi\u015fiklik olmas\u0131 halinde \u015eirketimize bildirimde bulunman\u0131z gerekmektedir. Yanl\u0131\u015f ya da hatal\u0131 bilgi verilmesinden do\u011facak sorumluluk bilgiyi\/veriyi \u015eirketimize ileten tarafa aittir. Ki\u015fisel veri sahibi kendisi d\u0131\u015f\u0131ndaki bir ki\u015finin talepte bulunmas\u0131 i\u00e7in konuya ili\u015fkin olarak ki\u015fisel veri sahibi taraf\u0131ndan ba\u015fvuruda bulunacak ki\u015fi ad\u0131na d\u00fczenlenmi\u015f \u00f6zel vek\u00e2letname bulunmal\u0131d\u0131r.<\/p>\n\n\n\n<figure class=\"wp-block-table\"><table><tbody><tr><td><strong>Ba\u015fvuru Y\u00f6ntemi<\/strong><\/td><td><strong>Ba\u015fvurunun Yap\u0131laca\u011f\u0131 Adresi<\/strong><\/td><td><strong>Ba\u015fvuru G\u00f6nderiminde Belirtilecek Konu<\/strong><\/td><\/tr><tr><td>\u015eahsen Ba\u015fvuru(Ba\u015fvuru sahibinin bizzat gelerek kimli\u011fini tevsik edici belge ile ba\u015fvurmas\u0131)<\/td><td>\u0130lkbahar Mahallesi 608. Sokak No:9 06550 \u00c7ankaya\/Ankara<\/td><td>&nbsp;Zarf\u0131n \u00fczerine \u201cKi\u015fisel Verilerin Korunmas\u0131 Kanunu Kapsam\u0131nda Bilgi Talebi\u201d yaz\u0131lacakt\u0131r.<\/td><\/tr><tr><td>Noter vas\u0131tas\u0131yla tebligat<\/td><td>\u0130lkbahar Mahallesi 608. Sokak No:9 06550 \u00c7ankaya\/Ankara<\/td><td>Tebligat zarf\u0131na \u201cKi\u015fisel Verilerin Korunmas\u0131 Kanunu Kapsam\u0131nda Bilgi Talebi\u201d yaz\u0131lacakt\u0131r.<\/td><\/tr><tr><td>Kep adresiKay\u0131tl\u0131 e-posta adresiniz<\/td><td>aks@hs01.kep.trinfo@aksgrup.com.tr<\/td><td>E-posta bildiriminin konu k\u0131sm\u0131na \u201cKi\u015fisel Verilerin Korunmas\u0131 Kanunu Kapsam\u0131nda Bilgi Talebi\u201d yaz\u0131lacakt\u0131r.<\/td><\/tr><\/tbody><\/table><\/figure>\n\n\n\n<p>\u0130lgili ki\u015finin ba\u015fvurusuna m\u00fcteakip \u015eirketimiz 30 g\u00fcnl\u00fck yasal s\u00fcre i\u00e7inde ilgili ki\u015finin ba\u015fvurusunu \u00fccretsiz olarak sonu\u00e7land\u0131racakt\u0131r. \u0130lgili ki\u015finin taleplerinin yerine getirilmesi i\u00e7in ayr\u0131ca maliyet hesaplanmas\u0131n\u0131 gerektiren hallerde \u015eirketimizin; 10 sayfan\u0131n \u00fczerindeki yaz\u0131l\u0131 cevaplarda her sayfa i\u00e7in 1 T\u00fcrk Liras\u0131, CD, flash bellek, gibi kay\u0131t ortamlar\u0131nda cevap verilmesi halinde s\u00f6z konusu kay\u0131t ortam\u0131n\u0131n maliyeti tutar\u0131nda \u00fccret ilgili ki\u015fiden talep etme hakk\u0131 sakl\u0131d\u0131r.<\/p>\n\n\n\n<p>\u015eirketimizin Kanunda meydana gelebilecek de\u011fi\u015fiklikler ve Ki\u015fisel Verileri Koruma Kurulu taraf\u0131ndan belirlenebilecek yeni y\u00f6ntem veya y\u00f6netmelikler sebebiyle, bu ayd\u0131nlatma bildiriminde de\u011fi\u015fiklik yapma hakk\u0131 sakl\u0131d\u0131r.<\/p>\n\n\n\n<p>Toplad\u0131\u011f\u0131m\u0131z ki\u015fisel verilerinizin do\u011fru ve gerekti\u011finde g\u00fcncel olmas\u0131 gerekmektedir. Bu nedenle, ki\u015fisel verilerinizde herhangi bir de\u011fi\u015fiklik meydana gelmesi halinde, bu hususun \u015eirketimize bildirilmesi y\u00fck\u00fcml\u00fcl\u00fc\u011f\u00fc taraf\u0131n\u0131za aittir.<\/p>\n\n\n\n<p><strong>Veri Gizlili\u011fi \u0130lkelerinde Yap\u0131lacak De\u011fi\u015fiklikler<\/strong><\/p>\n\n\n\n<p>Mevzuat, teknoloji ve ticari de\u011fi\u015fikliklere ba\u011fl\u0131 olarak yukar\u0131da yer alan hususlarda de\u011fi\u015fiklik olabilece\u011finden, bu de\u011fi\u015fikliklerden haberdar olabilmeniz i\u00e7in internet sitemizi d\u00fczenli olarak ziyaret etmenizi tavsiye ederiz.<\/p>\n\n\n\n<p>Veri Sahibi Ba\u015fvuru Formu i\u00e7in <strong><a href=\"https:\/\/www.aksgrup.com.tr\/wp-content\/uploads\/2022\/10\/BASVURU-FORMU-PDF.pdf\" target=\"_blank\" rel=\"noreferrer noopener\">t\u0131klay\u0131n\u0131z.<\/a><\/strong><\/p>\n\n\n\n<p><\/p>\n","protected":false},"excerpt":{"rendered":"<p>AKS GRUP ELEKTR\u0130K ENERJ\u0130 TOPTAN ALI\u015e VE SATI\u015e LTD. \u015eT\u0130. 6698 SAYILI K\u0130\u015e\u0130SEL VER\u0130LER\u0130N KORUNMASI KANUNU KAPSAMINDA AYDINLATMA METN\u0130 AKS GRUP ELEKTR\u0130K ENERJ\u0130 TOPTAN ALI\u015e VE SATI\u015e LTD. \u015eT\u0130. (\u201c\u015e\u0130RKET\u201d) veri sorumlusu olarak, 6698 Say\u0131l\u0131 Ki\u015fisel Verilerin Korunmas\u0131 Kanunu (\u2018\u2019KANUN\u201d veya \u201cKVKK\u2019\u2019) 10. Maddesi uyar\u0131nca, i\u015fbu ayd\u0131nlatma metni ile ki\u015fisel verilerin toplanma y\u00f6ntemi, i\u015fleme ama\u00e7lar\u0131,&hellip;&nbsp;<a href=\"https:\/\/www.aksgrup.com.tr\/index.php\/gizlilik-politikasi\/\" class=\"\" rel=\"bookmark\">Daha fazlas\u0131n\u0131 oku &raquo;<span class=\"screen-reader-text\">Ayd\u0131nlatma Metni<\/span><\/a><\/p>\n","protected":false},"author":1,"featured_media":0,"parent":0,"menu_order":0,"comment_status":"closed","ping_status":"open","template":"","meta":{"neve_meta_sidebar":"","neve_meta_container":"","neve_meta_enable_content_width":"","neve_meta_content_width":0,"neve_meta_title_alignment":"","neve_meta_author_avatar":"","neve_post_elements_order":"","neve_meta_disable_header":"","neve_meta_disable_footer":"on","neve_meta_disable_title":"on","footnotes":""},"class_list":["post-3","page","type-page","status-publish","hentry"],"_links":{"self":[{"href":"https:\/\/www.aksgrup.com.tr\/index.php\/wp-json\/wp\/v2\/pages\/3","targetHints":{"allow":["GET"]}}],"collection":[{"href":"https:\/\/www.aksgrup.com.tr\/index.php\/wp-json\/wp\/v2\/pages"}],"about":[{"href":"https:\/\/www.aksgrup.com.tr\/index.php\/wp-json\/wp\/v2\/types\/page"}],"author":[{"embeddable":true,"href":"https:\/\/www.aksgrup.com.tr\/index.php\/wp-json\/wp\/v2\/users\/1"}],"replies":[{"embeddable":true,"href":"https:\/\/www.aksgrup.com.tr\/index.php\/wp-json\/wp\/v2\/comments?post=3"}],"version-history":[{"count":6,"href":"https:\/\/www.aksgrup.com.tr\/index.php\/wp-json\/wp\/v2\/pages\/3\/revisions"}],"predecessor-version":[{"id":204,"href":"https:\/\/www.aksgrup.com.tr\/index.php\/wp-json\/wp\/v2\/pages\/3\/revisions\/204"}],"wp:attachment":[{"href":"https:\/\/www.aksgrup.com.tr\/index.php\/wp-json\/wp\/v2\/media?parent=3"}],"curies":[{"name":"wp","href":"https:\/\/api.w.org\/{rel}","templated":true}]}}